tors of q.
5, 11
Suppose 0 = n - 4. Suppose 2 = v - n*z - 6, v = 5*z + 9. What are the prime factors of v?
2
Suppose 0 = 2*x + 3*x + 35. Let t(n) = -n**3 - 6*n**2 + 7*n + 10. List the prime factors of t(x).
2, 5
Suppose -4*j = -0*g - g - 4, -4*j - 3*g + 20 = 0. Let a be (-8)/6*3/j. List the prime factors of (1 + (-2)/a)*1.
2
Suppose 3*r = 6*r - 18. Suppose 0 = -4*j - 2*t + 70, -r*j - 4*t = -2*j - 76. Let k = 29 - j. What are the prime factors of k?
13
What are the prime factors of 2 + 8/(-12)*-99?
2, 17
Let r(t) = t**3 + 4*t**2 - 6*t - 3. Let i = -26 + 22. List the prime factors of r(i).
3, 7
Let v be (-2)/8 - (-58)/8. Let g = 329 + -137. What are the prime factors of 2/v - g/(-14)?
2, 7
Let a be 3/6 + 2/4. Let b = 4 - 0. Suppose -15 = -b*u + a. What are the prime factors of u?
2
What are the prime factors of (-23)/46*(1 - 269)?
2, 67
Let o(q) = q**2 - q - 7. What are the prime factors of o(-5)?
23
Suppose -21 = -5*k + 3*s, -2*k - 5*s + 0*s - 4 = 0. Let q = 31 + k. List the prime factors of q.
2, 17
Let h(n) = n - 4. Let j be h(10). Let z = j - 3. Suppose 0 = -0*m + 4*m - 8, -3*x = -z*m - 33. What are the prime factors of x?
13
Suppose 0 = -2*h + 706 - 282. What are the prime factors of h?
2, 53
Let c(s) = -s**2 + 2*s + 4. Let u be c(3). Let l = u + 1. List the prime factors of 9 - (1/(-1) + l).
2
Let z be (16/(-12) - -2)*-33. Let w = z + 36. List the prime factors of w.
2, 7
Let o(j) = 13*j**2 + j. Let r(c) = c**3 - 3*c**2 - 3*c. Let u be r(4). Suppose 0 = 5*f - u*t + 13, 3*f + 2*t - 4 = -3. List the prime factors of o(f).
2, 3
Suppose 0 = k - 2. Suppose k*f + 4*q = 70, f + 3*q + q = 41. Suppose 7 - f = -2*u. List the prime factors of u.
11
Let m(o) = 4*o**2 + 7*o + 6. List the prime factors of m(-5).
71
Let h be (7/(21/120))/(-1). What are the prime factors of h/(-3) - 4/12?
13
Let t(i) = i**2 - 5*i - 16. What are the prime factors of t(11)?
2, 5
Let y be (1*3)/((-1)/5). Let q(r) = r**3 + 5*r**2 + 5*r - 4. Let i be q(-4). Let a = i - y. List the prime factors of a.
7
Let d(l) = 40*l - 2. Suppose -5*w = 5 - 15. Let k be d(w). What are the prime factors of k/8 - (-1)/4?
2, 5
Suppose 2*z + 0*z = 148. What are the prime factors of z?
2, 37
Let g(u) = -u**3 - 9*u**2 - 16*u - 9. What are the prime factors of g(-8)?
5, 11
Suppose 0 = 5*r - q - 731, r - 5*q = -7*q + 144. What are the prime factors of r?
2, 73
Let g be (-2)/4 + 15/(-6). Let o(n) = 7*n + 4. Let h be o(g). Let m = h - -29. List the prime factors of m.
2, 3
Let p(h) = -h - 6. Suppose -5*y + 3*l - 46 = -18, 0 = -5*l + 5. Let c be p(y). List the prime factors of -1 - c/(1/17).
2
Let u = 5 + -2. What are the prime factors of -1*(-5 + u) + 26?
2, 7
Let p(q) = q + 11. Let u(g) = -g - 4. Let i be u(5). List the prime factors of p(i).
2
Suppose 2*w + 3 = 15. Let y be w/(-15) + 2/5. Suppose y + 14 = m. What are the prime factors of m?
2, 7
Let t(v) be the third derivative of -v**4/8 - 2*v**3 + 3*v**2. List the prime factors of t(-6).
2, 3
Suppose -o - o - 5*w = -157, 0 = 5*o + 3*w - 440. List the prime factors of o.
7, 13
Suppose -1 = -3*i - 10. Let x(y) = -y**2 - 6*y + 1. Let a be x(-5). List the prime factors of ((-13)/i)/(2/a).
13
Suppose -f + 4*u = 6*u - 257, -3*f + 753 = -3*u. What are the prime factors of f?
11, 23
Let u = -4 - -8. List the prime factors of 8/12*102/u.
17
Suppose 0*t + 4*t - 145 = -5*h, 0 = t - 2*h - 33. List the prime factors of t.
5, 7
Let l = -627 + 879. List the prime factors of l.
2, 3, 7
Suppose -5*n - 1 = 79. Let h = n + 7. Let s = 0 - h. List the prime factors of s.
3
Suppose c + 3*c + 32 = 0. Let f(x) = x**2 + 6*x - 11. List the prime factors of f(c).
5
Suppose -4*j + 30 = 3*q - 13, -2*q + 3*j = -40. What are the prime factors of q?
17
Let z = 0 - -2. Suppose -3*x + 6 = z*p + 3, -2*p = -4*x - 10. Suppose -p*r - r + 16 = 0. What are the prime factors of r?
2
Let z(v) be the first derivative of v**3/3 + v**2/2 - 2*v - 2. List the prime factors of z(5).
2, 7
Let u(t) = t. Let f be u(2). Suppose -f*m + 89 - 15 = 0. What are the prime factors of m?
37
Suppose m + 755 = 6*m + 2*d, -2*m - 4*d = -286. List the prime factors of m.
3, 17
Let m be (-233)/11 + 4/22. Let j = -8 - m. What are the prime factors of j?
13
Let p(y) = y**3 - 6*y**2 + 6*y - 2. List the prime factors of p(5).
3
Suppose -p - 729 = -4*p. What are the prime factors of p?
3
Suppose d + 2*d = -24. What are the prime factors of ((-30)/(-8))/(-3)*d?
2, 5
Suppose 5*g + q - 33 = -0*q, 4*q = -3*g + 30. Let v(j) = 2*j**2 - 5*j + 6. Let o be v(4). Suppose -4*y = -g*y + o. List the prime factors of y.
3
Suppose 3*u - 6*u + s = -163, 2*s = 3*u - 164. List the prime factors of u/8 - (-2)/8.
7
Let g(c) = -4*c + 5 - 14 + 3*c. Let s be g(-11). Suppose -7*x + 25 = -s*x. List the prime factors of x.
5
Let y be (6/15)/((-4)/(-40)). What are the prime factors of 1/y + (-2865)/(-60)?
2, 3
Suppose -2*z + 122 = 2*q, 3*z + 2*q = -0*z + 182. List the prime factors of z.
2, 3, 5
Suppose 0*j - 40 = -5*j. Suppose h = -0*h - 3*z + j, -3*z + 6 = 0. Suppose 3*p = 12, 0*f = -2*f - h*p + 12. What are the prime factors of f?
2
Let d(c) = -c**3 + 2*c**2 + 3*c + 2*c**3 - 3 + 2 - 4*c**2. List the prime factors of d(2).
5
Suppose 2*p = 5*b - 575, -5*b + 692 - 122 = -p. List the prime factors of b.
113
Suppose 0 = -7*g - g + 1824. List the prime factors of g.
2, 3, 19
Suppose -5*y + 15 = 4*s, 1 + 0 = -y. Suppose -7 = s*r + 8. Let k = r + 20. What are the prime factors of k?
17
Suppose 2*d + 0*d = 10. Suppose d*b = 4*f - 11, -2*f - b = -5*b - 4. Let s(x) = x**2 - 2*x + 3. List the prime factors of s(f).
11
Let w be (3/(-5))/((-3)/15). Let h(v) = -v + 7. Let k be h(3). Suppose w*u + 4 = k*u. What are the prime factors of u?
2
Suppose 2737 = -15*m + 22*m. List the prime factors of m.
17, 23
List the prime factors of (-2 - (4 + -3 + 0))*-8.
2, 3
Let w(n) = -n**2 - 12*n - 7. Let p be w(-11). Suppose p*q - 71 = 77. Let r = q - 25. What are the prime factors of r?
2, 3
Let v be ((-12)/8)/((-6)/8). List the prime factors of (v/6)/((-1)/(-51)).
17
Let w(t) be the second derivative of -t**3/6 + 3*t**2 + 5*t. List the prime factors of w(-6).
2, 3
Let m(w) = w + 5. Let u be m(-3). Suppose 0*k + u*k = 50. List the prime factors of k.
5
Let x(a) = 8*a**2 + 0 + 1 + a**3 - a - 2*a**2 + 1. What are the prime factors of x(-6)?
2
Let h be 6/6*11/(-1). Let w = 8 + h. List the prime factors of 2 - ((-9)/w - 10).
3
Suppose 502 = 4*f + 2*t, 5*f - 507 = f - 3*t. What are the prime factors of f?
3, 41
Suppose 5*l - 1 = -3*f - 7, 5*l - 2*f = 4. Let i(t) = -t**2 - t**3 - 5 - 2*t**3 + l + 3. What are the prime factors of i(-2)?
2, 3
Let g = -5 - -8. Let h(b) = -2*b**2 - 5 + b**3 + 0*b - g*b - b. What are the prime factors of h(4)?
11
Let y(z) = 3*z**2 + 7*z + 28. List the prime factors of y(8).
2, 3, 23
Let c(b) = -b**3 - 5*b**2 + b + 7. Let t be c(-5). Suppose -t*g - 3*g = -50. List the prime factors of g.
2, 5
Suppose -134 = -4*j + 90. List the prime factors of j.
2, 7
Suppose 2*k + 4*t = t - 55, 84 = -3*k - 5*t. Let g(f) = -7*f - 3. Let z be g(-5). Let o = z + k. What are the prime factors of o?
3
Suppose 2*v - 5*k - 1 = -0*v, 0 = -2*k - 6. Let o = v + 23. What are the prime factors of o?
2
Suppose 4*v - v = -9. Let j be v*(-2*1 + 21). What are the prime factors of j/(-6) + (-2)/4?
3
Let m = 0 - 0. Suppose 5*y + m*y + 5*z + 20 = 0, y = 3*z - 20. Let v = -5 - y. What are the prime factors of v?
3
Let l be (-3)/6*-2*1. What are the prime factors of (-2)/l + 4 - 0?
2
Let f be 1857/27 + 2/9. Suppose w + s - 43 = 0, -2*w - s + 14 + f = 0. Suppose 4*u = -u + w. List the prime factors of u.
2
Let n(a) be the first derivative of -a**3/3 - 2*a**2 + 4*a + 4. What are the prime factors of n(-4)?
2
List the prime factors of 2/2*3*(-1904)/(-24).
2, 7, 17
Let m = 35 + -15. List the prime factors of (-16)/24 - m/(-3).
2, 3
Suppose 0*o + 218 = 2*o. List the prime factors of o.
109
Let j = 9 + -24. List the prime factors of 7*j*(-1)/3.
5, 7
Suppose 4 = -a + 19. Suppose -4*l = 4*u - 12, u - a = 2*l - 3. Suppose w - 27 = 5*f, -2*f + u = 3*w - 2*w. What are the prime factors of w?
2, 3
Suppose 3*t + 4*a - 466 = 0, -459 = -3*t + a + 2*a. List the prime factors of t.
2, 7, 11
Let h = -15 - -21. What are the prime factors of (h/24)/((-2)/(-40))?
5
Let r(t) = -t**3 + 17*t**2 + 7*t - 